s of -4 + (2 - (-26)/n).
2, 3
Let w be (15/(-25))/(1/(-5)). Suppose -9 = -w*z + 3*y, 4*z + 1 = 5*z + y. Suppose -z*i + 33 = -87. List the prime factors of i.
2, 3, 5
Suppose -140 = 20*s - 2580. List the prime factors of s.
2, 61
Let k(n) = 22*n - 39. Let i be k(15). Let c = 411 - i. List the prime factors of c.
2, 3, 5
Let f(p) = -p**2 - 14*p - 14. Let r be f(-12). Suppose -5 = a - r. Let t(l) = 3*l**2 - 6*l - 7. List the prime factors of t(a).
2, 19
Let k(r) = 7*r**2 + 6*r. Let c be k(-5). Suppose -3*n + 5*d - 2*d + 75 = 0, 5*d - c = -5*n. What are the prime factors of n?
3
Let t(g) = 3*g**2 - 15*g + 3. What are the prime factors of t(8)?
3, 5
Suppose 3*a + 3*o - 39 = 0, 0*o + 3*o = 6. Let t(d) = d**2 + 13*d + 15. Let v be t(-11). Let l = a + v. List the prime factors of l.
2
Let v(t) = -38*t**2 - t + 2. Let j be v(4). Let k = j - -354. What are the prime factors of k/(-12) + (-1)/3?
3, 7
Suppose y + 2 - 4 = 0. Suppose 23 = y*j - j. List the prime factors of j.
23
Suppose -2*l + 14 = -t, -t - t - 4 = 0. Let w be (l/8)/((-6)/96). Let y = w - -30. List the prime factors of y.
2, 3
Let b(u) be the first derivative of -19*u**2/2 - 2. Let w(p) = -p**2 - 4*p + 1. Let l be w(-5). List the prime factors of b(l).
2, 19
Let n = -4 - -3. Let c be 0/2 - (-9 + 8 + -2). What are the prime factors of ((-9)/(3/c))/n?
3
Suppose -48*k - 72 = -52*k. Let m = 113 + k. List the prime factors of m.
131
Suppose w + 3*z = -3 + 22, 27 = 3*w - z. What are the prime factors of w?
2, 5
Suppose 4*r = 4*i + 56, 4*r + i - 41 = 20. Let l = -15 + r. What are the prime factors of 33 + (0 - l) + -2?
31
Let a(n) = -n + 20. Let f be a(10). Suppose 850 = f*k - 470. What are the prime factors of k?
2, 3, 11
Let r be (-2 + 1 + 4)/1 + -5. Let a = 2 + -1. List the prime factors of (a/r)/((-4)/184).
23
Let b(n) = n**3 + 10*n**2 + 5*n - 8. Let i be b(-8). Suppose 2*o + i = 3*g, 0*g + 160 = -4*o + 2*g. Let x = 66 + o. What are the prime factors of x?
2, 13
Suppose -5*i + 978 = 4*j, 5*i - 1154 = -5*j + 71. What are the prime factors of j?
13, 19
Let s(t) = -t**2 - 2*t + 11. Let r be s(0). Let i = -10 + r. What are the prime factors of (i + -3)*(5 - 16)?
2, 11
Suppose 10674 = 175*j - 166*j. List the prime factors of j.
2, 593
What are the prime factors of (-3)/(((-33)/434)/11)?
2, 7, 31
Let a be -10*1/(-2)*3. Suppose 10*k + 315 = a*k. List the prime factors of (-6)/(-14) - (-1233)/k.
2, 5
Let i be (-1 - -5)/((-2)/(-29)). Let p = -26 + i. Suppose -3*w + 2*k = 4*k - p, 0 = 2*k + 4. What are the prime factors of w?
2, 3
List the prime factors of (-3601)/(-3) - 48/36.
11, 109
What are the prime factors of (16/32)/(-2 + (-2586)/(-1292))?
17, 19
Let o(a) = a**2 - 16*a + 17. Let h be o(15). Suppose 0 = b - 2*n - 66, b + h*n - 174 = -2*b. What are the prime factors of b?
2, 3, 5
Suppose 487*l - 10710 = 480*l. List the prime factors of l.
2, 3, 5, 17
Suppose 0 = 2*p + 152 - 32. Let y = -33 - p. What are the prime factors of 171/y + (-1)/3?
2, 3
Let a = 115 + -108. List the prime factors of a.
7
Let h(w) = 143*w**2 + w - 1. What are the prime factors of h(1)?
11, 13
Suppose 32*c - 37*c + 2905 = 0. What are the prime factors of c?
7, 83
Suppose -3*z + 8 = -4*p + 21, p - 3 = z. Let n(r) = p + 0 - 11*r + 3 - 5*r. What are the prime factors of n(-3)?
5, 11
Let x(u) = 2*u - 40. Let w be x(13). Let z(g) = -22*g - 10. What are the prime factors of z(w)?
2, 149
Let o(h) = h - 8. Let u be o(6). Let i be 33/u*(-10)/3. Let c = i + -32. What are the prime factors of c?
23
Let y = -150 - -226. Suppose -m + y = 4*v - v, 8 = -4*v. What are the prime factors of m?
2, 41
Let f = -185 + 128. Let g = -31 - f. Suppose -g - 53 = -y. What are the prime factors of y?
79
Suppose 52 = -0*y + 4*y. Let n = -9 + y. Let s(z) = z**2 + 4*z + 3. List the prime factors of s(n).
5, 7
Let p(u) be the second derivative of 19*u**3/6 - 7*u**2 + 4*u. What are the prime factors of p(4)?
2, 31
Let s(t) = 0*t**2 - 2*t**3 + 3*t - 5 - 2*t**2 + 5. Let g be s(2). Let z = g - -72. List the prime factors of z.
2, 3
Let b be 1*(-4 - -2) + 15. Let v(i) = 4*i + 1. What are the prime factors of v(b)?
53
Let k(w) = w**3 + 7*w**2 + 4*w - 2. Let u be k(-6). Let l(y) = -5*y**2 - 3*y + 2. Let t be l(1). What are the prime factors of -7 + u - t*1?
3
Let f(y) = 15 + 0*y - 3*y + 2*y. List the prime factors of f(-17).
2
Let o(h) = 18*h - 57. Let x(j) = -12*j + 38. Let u(d) = 5*o(d) + 7*x(d). What are the prime factors of u(8)?
29
Let z(v) = -v**2 - 4*v - 2*v**2 + 5 - 3 - 3. Let g be z(-3). Let x = 34 - g. What are the prime factors of x?
2, 5
Suppose 2*f = -2*f - 8, 3*f + 145 = a. List the prime factors of a.
139
Suppose -7*l + 4217 = -8117. List the prime factors of l.
2, 881
Let y(p) = -838*p - 54. List the prime factors of y(-2).
2, 811
Let o(p) = -12*p**2 + 3*p + 3. Let z be o(-1). What are the prime factors of 2*(34/z - -2)*-21?
5, 7
Let v = 15 - 35. Let b be 12*(8/3)/(-4). Let o = b - v. List the prime factors of o.
2, 3
Suppose 0 = -5*c - 5*t + 115, 2*c + 5*t + 6 = 43. List the prime factors of c + 0 + 1/(0 + -1).
5
Let x = -129 - -1140. List the prime factors of x.
3, 337
Suppose 0*g - g - 3*c = -12, 48 = 5*g + 3*c. Let r(z) = z**2 - 9*z - 11. Let d be r(g). Let o = 2 - d. What are the prime factors of o?
13
Let b = 133 - 36. Suppose -5*f = -b - 63. What are the prime factors of f?
2
Let c = -8 - -11. Suppose -c*q - 212 = q. Let x = 81 + q. What are the prime factors of x?
2, 7
Suppose -3*y - 76 = -226. Let t = 44 + y. Suppose 3*m + 99 = 3*u - 0*m, 2*m + t = 3*u. List the prime factors of u.
2, 7
Suppose -5*n - 132 + 22 = 0. Let k be 4/6 + n/6. List the prime factors of (k + 0/2)*-1.
3
Let j = 87 + -86. What are the prime factors of (-54)/((-91)/39 + 1 + j)?
2, 3
Let p(b) be the third derivative of -5*b**4/8 + 14*b**3/3 + 29*b**2. List the prime factors of p(-6).
2, 59
Suppose 5 = -4*h - 3. Let c be 25/(0 - (1 + h)). Let g = -8 + c. List the prime factors of g.
17
Suppose 8 = -4*l - 0. Suppose 9*d = -35 + 116. Let h = l + d. What are the prime factors of h?
7
Let y(p) = 32*p - 180. What are the prime factors of y(9)?
2, 3
Suppose 0 = 2*i - 5*h - 1201, i + 3*h - 103 = 503. Suppose -g = -2*g - f + 150, -4*g - 5*f = -i. List the prime factors of g.
3, 7
Let z = 2197 + -1177. What are the prime factors of z?
2, 3, 5, 17
Suppose r = -13 + 17. Suppose 0*l + r*x = -l - 17, 0 = l - 5*x - 28. Suppose 2*m + 15 = l*m. What are the prime factors of m?
3, 5
Let m = -367 - -185. Let b = m + 262. What are the prime factors of b?
2, 5
Let f = -29 + 29. Suppose f = 4*s + l - 19, -5*s - l + 4*l + 28 = 0. Suppose -4*q = -s*q + 56. List the prime factors of q.
2, 7
Suppose -7*q + 9*q - 8 = 0. Let m be (-1 + 6)*q/10. Suppose -p + 41 = m*p - 5*s, -22 = -2*p + 2*s. What are the prime factors of p?
7
Let i(l) = -4*l - 15. Let d(m) = -m**3 + m**2 + 5*m - 3. Let p be d(3). What are the prime factors of i(p)?
3
Let c be (77/(-2))/(4/(-8)). Let g = c + -14. What are the prime factors of g?
3, 7
Suppose 40 = 9*o - 13*o. Let n be (o/(-4))/((-1)/(-2)). Suppose -33 = -4*m + n*k, 5*m + 2*k - 89 = -23. What are the prime factors of m?
2, 3
Suppose 0 = u - 41 + 36. Suppose 0 = u*k - 4*k - 73. What are the prime factors of k?
73
Let p(d) = -d**3 + 17*d**2 + 65*d - 11. What are the prime factors of p(20)?
89
Suppose 2100 - 735 = -5*a. Let u = a - -418. List the prime factors of u.
5, 29
Let i(o) = -3*o**3 - 6*o**2 + 8*o + 20. What are the prime factors of i(-7)?
3, 233
Let j = -921 - -1551. Suppose -4*u + j = 5*u. What are the prime factors of u?
2, 5, 7
Suppose 0 = 25*d - 21*d - 3876. What are the prime factors of d?
3, 17, 19
Let c = 2253 + -1093. List the prime factors of (-4)/(-18) + c/45.
2, 13
Let d = 29 - 86. Let q = -6 - d. What are the prime factors of q?
3, 17
Let r(t) = -t**3 - 9*t**2 + 1. Let n be r(-9). List the prime factors of ((-1)/n)/(2/(-62)).
31
List the prime factors of ((-63)/(-42))/(0 - (-1)/1086).
3, 181
Let q(t) = 4*t**2 - 21*t + 128. List the prime factors of q(20).
2, 3, 109
Let g(t) = 4*t**2 - 3*t - 1. Let p be (-11)/(-4) + 1/4. What are the prime factors of g(p)?
2, 13
Let i = 3666 + -1761. List the prime factors of i.
3, 5, 127
Suppose 0 = -2*c + c + 5*k - 4, 2*c + 2*k - 16 = 0. Let x = 2 - c. List the prime factors of 22*(-3 + (-14)/x).
11
Let y(q) = -q